{"id":329,"date":"2024-08-25T16:44:24","date_gmt":"2024-08-25T14:44:24","guid":{"rendered":"https:\/\/art.christelleottaviano.fr\/?page_id=329"},"modified":"2024-08-31T14:23:58","modified_gmt":"2024-08-31T12:23:58","slug":"peuples","status":"publish","type":"page","link":"https:\/\/art.christelleottaviano.fr\/index.php\/peintures\/peuples\/","title":{"rendered":"Portraits des peuples"},"content":{"rendered":"<div  id=\"jtg-138\" class=\"modula modula-gallery modula-custom-grid\" data-config=\"{&quot;height&quot;:800,&quot;tabletHeight&quot;:800,&quot;mobileHeight&quot;:800,&quot;desktopHeight&quot;:800,&quot;enableTwitter&quot;:false,&quot;enableWhatsapp&quot;:false,&quot;enableFacebook&quot;:false,&quot;enablePinterest&quot;:false,&quot;enableLinkedin&quot;:false,&quot;enableEmail&quot;:false,&quot;randomFactor&quot;:0.5,&quot;type&quot;:&quot;custom-grid&quot;,&quot;columns&quot;:12,&quot;gutter&quot;:10,&quot;mobileGutter&quot;:10,&quot;tabletGutter&quot;:10,&quot;desktopGutter&quot;:10,&quot;enableResponsive&quot;:&quot;0&quot;,&quot;tabletColumns&quot;:2,&quot;mobileColumns&quot;:1,&quot;lazyLoad&quot;:0,&quot;lightboxOpts&quot;:{&quot;animated&quot;:true,&quot;Thumbs&quot;:{&quot;type&quot;:&quot;modern&quot;,&quot;showOnStart&quot;:false},&quot;Toolbar&quot;:{&quot;display&quot;:{&quot;right&quot;:[&quot;close&quot;]},&quot;enabled&quot;:true},&quot;Carousel&quot;:{&quot;Panzoom&quot;:{&quot;touch&quot;:true},&quot;infinite&quot;:false},&quot;keyboard&quot;:{&quot;Escape&quot;:&quot;close&quot;,&quot;Delete&quot;:&quot;close&quot;,&quot;Backspace&quot;:&quot;close&quot;,&quot;PageUp&quot;:false,&quot;PageDown&quot;:false,&quot;ArrowUp&quot;:false,&quot;ArrowDown&quot;:false,&quot;ArrowRight&quot;:false,&quot;ArrowLeft&quot;:false},&quot;touch&quot;:false,&quot;backdropClick&quot;:false,&quot;l10n&quot;:{&quot;CLOSE&quot;:&quot;Close&quot;,&quot;NEXT&quot;:&quot;Next&quot;,&quot;PREV&quot;:&quot;Previous&quot;,&quot;Error&quot;:&quot;The requested content cannot be loaded. Please try again later.&quot;,&quot;PLAY_START&quot;:&quot;Start slideshow&quot;,&quot;PLAY_STOP&quot;:&quot;Pause slideshow&quot;,&quot;FULL_SCREEN&quot;:&quot;Full screen&quot;,&quot;THUMBS&quot;:&quot;Thumbnails&quot;,&quot;DOWNLOAD&quot;:&quot;Download&quot;,&quot;SHARE&quot;:&quot;Share&quot;,&quot;ZOOM&quot;:&quot;Zoom&quot;,&quot;EMAIL&quot;:&quot;Here is the link to the image : %%image_link%% and this is the link to the gallery : %%gallery_link%%&quot;,&quot;MODAL&quot;:&quot;You can close this modal content with the ESC key&quot;,&quot;ERROR&quot;:&quot;Something Went Wrong, Please Try Again Later&quot;,&quot;IMAGE_ERROR&quot;:&quot;Image Not Found&quot;,&quot;ELEMENT_NOT_FOUND&quot;:&quot;HTML Element Not Found&quot;,&quot;AJAX_NOT_FOUND&quot;:&quot;Error Loading AJAX : Not Found&quot;,&quot;AJAX_FORBIDDEN&quot;:&quot;Error Loading AJAX : Forbidden&quot;,&quot;IFRAME_ERROR&quot;:&quot;Error Loading Page&quot;,&quot;TOGGLE_ZOOM&quot;:&quot;Toggle zoom level&quot;,&quot;TOGGLE_THUMBS&quot;:&quot;Toggle thumbnails&quot;,&quot;TOGGLE_SLIDESHOW&quot;:&quot;Toggle slideshow&quot;,&quot;TOGGLE_FULLSCREEN&quot;:&quot;Toggle full-screen mode&quot;},&quot;Images&quot;:{&quot;Panzoom&quot;:{&quot;maxScale&quot;:2}},&quot;mainClass&quot;:&quot;modula-fancybox-container modula-lightbox-jtg-138&quot;,&quot;Html&quot;:{&quot;videoAutoplay&quot;:0,&quot;videoTpl&quot;:&quot;&lt;video class=\\&quot;fancybox__html5video\\&quot; controls muted playsinline controlsList controlsList=\\&quot;nodownload\\&quot; poster=\\&quot;{{poster}}\\&quot; src=\\&quot;{{src}}\\&quot; type=\\&quot;{{format}}\\&quot; &gt;  Sorry, your browser doesn&#039;t support embedded videos, &lt;a href=\\&quot;{{src}}\\&quot;&gt; download &lt;\\\/a&gt; and watch with your favorite video player! &lt;\\\/video&gt;&quot;}},&quot;inView&quot;:false,&quot;email_subject&quot;:&quot;Check out this awesome image !!&quot;,&quot;email_message&quot;:&quot;Here is the link to the image : %%image_link%% and this is the link to the gallery : %%gallery_link%%&quot;,&quot;lightbox&quot;:&quot;fancybox&quot;}\">\n\n\t\n\t<div  class=\"modula-items\">\n\t\t<div class=\"modula-item effect-pufrobo\" data-width=\"2\" data-height=\"2\" >\n\t<div class=\"modula-item-overlay\"><\/div>\n\n\t<div class=\"modula-item-content\">\n\n\t\t<a data-image-id=\"199\" role=\"button\" tabindex=\"0\" rel=\"jtg-138\" data-caption=\"&lt;strong&gt;Beaut\u00e9 bont\u00e9&lt;\/strong&gt;&lt;br&gt;\nTechnique \u00e0 l&#039;huile&lt;br&gt;\n40x40 cm  \" aria-label=\"Open image in lightbox\" class=\"tile-inner modula-item-link\"><\/a><img loading=\"lazy\" decoding=\"async\" class=\"pic wp-image-199\"  data-valign=\"middle\" data-halign=\"center\" alt=\"\" data-full=\"https:\/\/art.christelleottaviano.fr\/wp-content\/uploads\/series\/peuple\/beaute-bonte-original.jpg\" title=\"Beaute-Bonte\" crop=\"\" width=\"295\" height=\"300\" src=\"https:\/\/art.christelleottaviano.fr\/wp-content\/uploads\/series\/peuple\/beaute-bonte-295x300.jpg\" data-src=\"https:\/\/art.christelleottaviano.fr\/wp-content\/uploads\/series\/peuple\/beaute-bonte-295x300.jpg\" data-caption=\"&lt;strong&gt;Beaut\u00e9 bont\u00e9&lt;\/strong&gt;&lt;br&gt;\nTechnique \u00e0 l&#039;huile&lt;br&gt;\n40x40 cm  \" srcset=\"https:\/\/art.christelleottaviano.fr\/wp-content\/uploads\/series\/peuple\/beaute-bonte.jpg 707w, https:\/\/art.christelleottaviano.fr\/wp-content\/uploads\/series\/peuple\/beaute-bonte-295x300.jpg 295w, https:\/\/art.christelleottaviano.fr\/wp-content\/uploads\/series\/peuple\/beaute-bonte-1005x1024.jpg 1005w, https:\/\/art.christelleottaviano.fr\/wp-content\/uploads\/series\/peuple\/beaute-bonte-768x782.jpg 768w, https:\/\/art.christelleottaviano.fr\/wp-content\/uploads\/series\/peuple\/beaute-bonte-1508x1536.jpg 1508w, https:\/\/art.christelleottaviano.fr\/wp-content\/uploads\/series\/peuple\/beaute-bonte-2011x2048.jpg 2011w\" sizes=\"auto, (max-width: 295px) 100vw, 295px\" \/>\n\t\t<div class=\"figc\">\n\t\t\t<div class=\"figc-inner\">\n\t\t\t\t\t\t\t\t\t\t\t\t\t\t\t<\/div>\n\t\t<\/div>\n\n\t<\/div>\n\n<\/div><div class=\"modula-item effect-pufrobo\" data-width=\"2\" data-height=\"2\" >\n\t<div class=\"modula-item-overlay\"><\/div>\n\n\t<div class=\"modula-item-content\">\n\n\t\t<a data-image-id=\"200\" role=\"button\" tabindex=\"0\" rel=\"jtg-138\" data-caption=\"&lt;strong&gt;Amour et s\u00e9r\u00e9nit\u00e9&lt;\/strong&gt;&lt;br&gt;\r\nTechnique \u00e0 l&#039;huile&lt;br&gt;\r\n40x40 cm  \" aria-label=\"Open image in lightbox\" class=\"tile-inner modula-item-link\"><\/a><img loading=\"lazy\" decoding=\"async\" class=\"pic wp-image-200\"  data-valign=\"middle\" data-halign=\"center\" alt=\"\" data-full=\"https:\/\/art.christelleottaviano.fr\/wp-content\/uploads\/series\/peuple\/amour-serenite-original.jpg\" title=\"Amour-Serenite\" crop=\"\" width=\"300\" height=\"300\" src=\"https:\/\/art.christelleottaviano.fr\/wp-content\/uploads\/series\/peuple\/amour-serenite-300x300.jpg\" data-src=\"https:\/\/art.christelleottaviano.fr\/wp-content\/uploads\/series\/peuple\/amour-serenite-300x300.jpg\" data-caption=\"&lt;strong&gt;Amour et s\u00e9r\u00e9nit\u00e9&lt;\/strong&gt;&lt;br&gt;\r\nTechnique \u00e0 l&#039;huile&lt;br&gt;\r\n40x40 cm  \" srcset=\"https:\/\/art.christelleottaviano.fr\/wp-content\/uploads\/series\/peuple\/amour-serenite.jpg 717w, https:\/\/art.christelleottaviano.fr\/wp-content\/uploads\/series\/peuple\/amour-serenite-300x300.jpg 300w, https:\/\/art.christelleottaviano.fr\/wp-content\/uploads\/series\/peuple\/amour-serenite-1020x1024.jpg 1020w, https:\/\/art.christelleottaviano.fr\/wp-content\/uploads\/series\/peuple\/amour-serenite-150x150.jpg 150w, https:\/\/art.christelleottaviano.fr\/wp-content\/uploads\/series\/peuple\/amour-serenite-768x771.jpg 768w, https:\/\/art.christelleottaviano.fr\/wp-content\/uploads\/series\/peuple\/amour-serenite-1530x1536.jpg 1530w, https:\/\/art.christelleottaviano.fr\/wp-content\/uploads\/series\/peuple\/amour-serenite-2040x2048.jpg 2040w\" sizes=\"auto, (max-width: 300px) 100vw, 300px\" \/>\n\t\t<div class=\"figc\">\n\t\t\t<div class=\"figc-inner\">\n\t\t\t\t\t\t\t\t\t\t\t\t\t\t\t<\/div>\n\t\t<\/div>\n\n\t<\/div>\n\n<\/div><div class=\"modula-item effect-pufrobo\" data-width=\"2\" data-height=\"2\" >\n\t<div class=\"modula-item-overlay\"><\/div>\n\n\t<div class=\"modula-item-content\">\n\n\t\t<a data-image-id=\"203\" role=\"button\" tabindex=\"0\" rel=\"jtg-138\" data-caption=\"&lt;strong&gt;Douceur ang\u00e9lique&lt;\/strong&gt;&lt;br&gt;\r\nTechnique \u00e0 l&#039;huile&lt;br&gt;\r\n40x40 cm  \" aria-label=\"Open image in lightbox\" class=\"tile-inner modula-item-link\"><\/a><img loading=\"lazy\" decoding=\"async\" class=\"pic wp-image-203\"  data-valign=\"middle\" data-halign=\"center\" alt=\"\" data-full=\"https:\/\/art.christelleottaviano.fr\/wp-content\/uploads\/series\/peuple\/6-douceur-angelique-original.jpg\" title=\"6-Douceur-Angelique\" crop=\"\" width=\"300\" height=\"300\" src=\"https:\/\/art.christelleottaviano.fr\/wp-content\/uploads\/series\/peuple\/6-douceur-angelique-300x300.jpg\" data-src=\"https:\/\/art.christelleottaviano.fr\/wp-content\/uploads\/series\/peuple\/6-douceur-angelique-300x300.jpg\" data-caption=\"&lt;strong&gt;Douceur ang\u00e9lique&lt;\/strong&gt;&lt;br&gt;\r\nTechnique \u00e0 l&#039;huile&lt;br&gt;\r\n40x40 cm  \" srcset=\"https:\/\/art.christelleottaviano.fr\/wp-content\/uploads\/series\/peuple\/6-douceur-angelique.jpg 722w, https:\/\/art.christelleottaviano.fr\/wp-content\/uploads\/series\/peuple\/6-douceur-angelique-300x300.jpg 300w, https:\/\/art.christelleottaviano.fr\/wp-content\/uploads\/series\/peuple\/6-douceur-angelique-1024x1021.jpg 1024w, https:\/\/art.christelleottaviano.fr\/wp-content\/uploads\/series\/peuple\/6-douceur-angelique-150x150.jpg 150w, https:\/\/art.christelleottaviano.fr\/wp-content\/uploads\/series\/peuple\/6-douceur-angelique-768x766.jpg 768w\" sizes=\"auto, (max-width: 300px) 100vw, 300px\" \/>\n\t\t<div class=\"figc\">\n\t\t\t<div class=\"figc-inner\">\n\t\t\t\t\t\t\t\t\t\t\t\t\t\t\t<\/div>\n\t\t<\/div>\n\n\t<\/div>\n\n<\/div><div class=\"modula-item effect-pufrobo\" data-width=\"2\" data-height=\"2\" >\n\t<div class=\"modula-item-overlay\"><\/div>\n\n\t<div class=\"modula-item-content\">\n\n\t\t<a data-image-id=\"198\" role=\"button\" tabindex=\"0\" rel=\"jtg-138\" data-caption=\"&lt;strong&gt;Fraternit\u00e9&lt;\/strong&gt;&lt;br&gt;\r\nTechnique \u00e0 l&#039;huile&lt;br&gt;\r\n40x40 cm  \" aria-label=\"Open image in lightbox\" class=\"tile-inner modula-item-link\"><\/a><img loading=\"lazy\" decoding=\"async\" class=\"pic wp-image-198\"  data-valign=\"middle\" data-halign=\"center\" alt=\"\" data-full=\"https:\/\/art.christelleottaviano.fr\/wp-content\/uploads\/series\/peuple\/fraternite-original.jpg\" title=\"Fraternite\" crop=\"\" width=\"298\" height=\"300\" src=\"https:\/\/art.christelleottaviano.fr\/wp-content\/uploads\/series\/peuple\/fraternite-298x300.jpg\" data-src=\"https:\/\/art.christelleottaviano.fr\/wp-content\/uploads\/series\/peuple\/fraternite-298x300.jpg\" data-caption=\"&lt;strong&gt;Fraternit\u00e9&lt;\/strong&gt;&lt;br&gt;\r\nTechnique \u00e0 l&#039;huile&lt;br&gt;\r\n40x40 cm  \" srcset=\"https:\/\/art.christelleottaviano.fr\/wp-content\/uploads\/series\/peuple\/fraternite.jpg 715w, https:\/\/art.christelleottaviano.fr\/wp-content\/uploads\/series\/peuple\/fraternite-298x300.jpg 298w, https:\/\/art.christelleottaviano.fr\/wp-content\/uploads\/series\/peuple\/fraternite-1017x1024.jpg 1017w, https:\/\/art.christelleottaviano.fr\/wp-content\/uploads\/series\/peuple\/fraternite-150x150.jpg 150w, https:\/\/art.christelleottaviano.fr\/wp-content\/uploads\/series\/peuple\/fraternite-768x773.jpg 768w, https:\/\/art.christelleottaviano.fr\/wp-content\/uploads\/series\/peuple\/fraternite-1526x1536.jpg 1526w\" sizes=\"auto, (max-width: 298px) 100vw, 298px\" \/>\n\t\t<div class=\"figc\">\n\t\t\t<div class=\"figc-inner\">\n\t\t\t\t\t\t\t\t\t\t\t\t\t\t\t<\/div>\n\t\t<\/div>\n\n\t<\/div>\n\n<\/div><div class=\"modula-item effect-pufrobo\" data-width=\"2\" data-height=\"2\" >\n\t<div class=\"modula-item-overlay\"><\/div>\n\n\t<div class=\"modula-item-content\">\n\n\t\t<a data-image-id=\"196\" role=\"button\" tabindex=\"0\" rel=\"jtg-138\" data-caption=\"&lt;strong&gt;Zen&lt;\/strong&gt;&lt;br&gt;\r\nTechnique \u00e0 l&#039;huile&lt;br&gt;\r\n40x40 cm  \" aria-label=\"Open image in lightbox\" class=\"tile-inner modula-item-link\"><\/a><img loading=\"lazy\" decoding=\"async\" class=\"pic wp-image-196\"  data-valign=\"middle\" data-halign=\"center\" alt=\"\" data-full=\"https:\/\/art.christelleottaviano.fr\/wp-content\/uploads\/series\/peuple\/zen-original.jpg\" title=\"Zen\" crop=\"\" width=\"300\" height=\"300\" src=\"https:\/\/art.christelleottaviano.fr\/wp-content\/uploads\/series\/peuple\/zen-300x300.jpg\" data-src=\"https:\/\/art.christelleottaviano.fr\/wp-content\/uploads\/series\/peuple\/zen-300x300.jpg\" data-caption=\"&lt;strong&gt;Zen&lt;\/strong&gt;&lt;br&gt;\r\nTechnique \u00e0 l&#039;huile&lt;br&gt;\r\n40x40 cm  \" srcset=\"https:\/\/art.christelleottaviano.fr\/wp-content\/uploads\/series\/peuple\/zen.jpg 718w, https:\/\/art.christelleottaviano.fr\/wp-content\/uploads\/series\/peuple\/zen-300x300.jpg 300w, https:\/\/art.christelleottaviano.fr\/wp-content\/uploads\/series\/peuple\/zen-1022x1024.jpg 1022w, https:\/\/art.christelleottaviano.fr\/wp-content\/uploads\/series\/peuple\/zen-150x150.jpg 150w, https:\/\/art.christelleottaviano.fr\/wp-content\/uploads\/series\/peuple\/zen-768x770.jpg 768w, https:\/\/art.christelleottaviano.fr\/wp-content\/uploads\/series\/peuple\/zen-1532x1536.jpg 1532w\" sizes=\"auto, (max-width: 300px) 100vw, 300px\" \/>\n\t\t<div class=\"figc\">\n\t\t\t<div class=\"figc-inner\">\n\t\t\t\t\t\t\t\t\t\t\t\t\t\t\t<\/div>\n\t\t<\/div>\n\n\t<\/div>\n\n<\/div><div class=\"modula-item effect-pufrobo\" data-width=\"2\" data-height=\"2\" >\n\t<div class=\"modula-item-overlay\"><\/div>\n\n\t<div class=\"modula-item-content\">\n\n\t\t<a data-image-id=\"197\" role=\"button\" tabindex=\"0\" rel=\"jtg-138\" data-caption=\"&lt;strong&gt;La gr\u00e2ce&lt;\/strong&gt;&lt;br&gt;\r\nTechnique \u00e0 l&#039;huile&lt;br&gt;\r\n50x50 cm  \" aria-label=\"Open image in lightbox\" class=\"tile-inner modula-item-link\"><\/a><img loading=\"lazy\" decoding=\"async\" class=\"pic wp-image-197\"  data-valign=\"middle\" data-halign=\"center\" alt=\"\" data-full=\"https:\/\/art.christelleottaviano.fr\/wp-content\/uploads\/series\/peuple\/la-grace-original.jpg\" title=\"La-Grace\" crop=\"\" width=\"290\" height=\"300\" src=\"https:\/\/art.christelleottaviano.fr\/wp-content\/uploads\/series\/peuple\/la-grace-290x300.jpg\" data-src=\"https:\/\/art.christelleottaviano.fr\/wp-content\/uploads\/series\/peuple\/la-grace-290x300.jpg\" data-caption=\"&lt;strong&gt;La gr\u00e2ce&lt;\/strong&gt;&lt;br&gt;\r\nTechnique \u00e0 l&#039;huile&lt;br&gt;\r\n50x50 cm  \" srcset=\"https:\/\/art.christelleottaviano.fr\/wp-content\/uploads\/series\/peuple\/la-grace.jpg 695w, https:\/\/art.christelleottaviano.fr\/wp-content\/uploads\/series\/peuple\/la-grace-290x300.jpg 290w, https:\/\/art.christelleottaviano.fr\/wp-content\/uploads\/series\/peuple\/la-grace-988x1024.jpg 988w, https:\/\/art.christelleottaviano.fr\/wp-content\/uploads\/series\/peuple\/la-grace-768x796.jpg 768w, https:\/\/art.christelleottaviano.fr\/wp-content\/uploads\/series\/peuple\/la-grace-1483x1536.jpg 1483w\" sizes=\"auto, (max-width: 290px) 100vw, 290px\" \/>\n\t\t<div class=\"figc\">\n\t\t\t<div class=\"figc-inner\">\n\t\t\t\t\t\t\t\t\t\t\t\t\t\t\t<\/div>\n\t\t<\/div>\n\n\t<\/div>\n\n<\/div><div class=\"modula-item effect-pufrobo\" data-width=\"2\" data-height=\"2\" >\n\t<div class=\"modula-item-overlay\"><\/div>\n\n\t<div class=\"modula-item-content\">\n\n\t\t<a data-image-id=\"193\" role=\"button\" tabindex=\"0\" rel=\"jtg-138\" data-caption=\"&lt;strong&gt;Nouvel \u00eatre&lt;\/strong&gt;&lt;br&gt;\r\nTechnique \u00e0 l&#039;huile&lt;br&gt;\r\n40x40 cm  \" aria-label=\"Open image in lightbox\" class=\"tile-inner modula-item-link\"><\/a><img loading=\"lazy\" decoding=\"async\" class=\"pic wp-image-193\"  data-valign=\"middle\" data-halign=\"center\" alt=\"\" data-full=\"https:\/\/art.christelleottaviano.fr\/wp-content\/uploads\/series\/peuple\/nouvel-etre-original.jpg\" title=\"Nouvel-Etre\" crop=\"\" width=\"297\" height=\"300\" src=\"https:\/\/art.christelleottaviano.fr\/wp-content\/uploads\/series\/peuple\/nouvel-etre-297x300.jpg\" data-src=\"https:\/\/art.christelleottaviano.fr\/wp-content\/uploads\/series\/peuple\/nouvel-etre-297x300.jpg\" data-caption=\"&lt;strong&gt;Nouvel \u00eatre&lt;\/strong&gt;&lt;br&gt;\r\nTechnique \u00e0 l&#039;huile&lt;br&gt;\r\n40x40 cm  \" srcset=\"https:\/\/art.christelleottaviano.fr\/wp-content\/uploads\/series\/peuple\/nouvel-etre.jpg 714w, https:\/\/art.christelleottaviano.fr\/wp-content\/uploads\/series\/peuple\/nouvel-etre-297x300.jpg 297w, https:\/\/art.christelleottaviano.fr\/wp-content\/uploads\/series\/peuple\/nouvel-etre-1015x1024.jpg 1015w, https:\/\/art.christelleottaviano.fr\/wp-content\/uploads\/series\/peuple\/nouvel-etre-768x775.jpg 768w\" sizes=\"auto, (max-width: 297px) 100vw, 297px\" \/>\n\t\t<div class=\"figc\">\n\t\t\t<div class=\"figc-inner\">\n\t\t\t\t\t\t\t\t\t\t\t\t\t\t\t<\/div>\n\t\t<\/div>\n\n\t<\/div>\n\n<\/div><div class=\"modula-item effect-pufrobo\" data-width=\"2\" data-height=\"2\" >\n\t<div class=\"modula-item-overlay\"><\/div>\n\n\t<div class=\"modula-item-content\">\n\n\t\t<a data-image-id=\"192\" role=\"button\" tabindex=\"0\" rel=\"jtg-138\" data-caption=\"&lt;strong&gt;Terre f\u00e9conde&lt;\/strong&gt;&lt;br&gt;\r\nTechnique \u00e0 l&#039;huile&lt;br&gt;\r\n40x40 cm  \" aria-label=\"Open image in lightbox\" class=\"tile-inner modula-item-link\"><\/a><img loading=\"lazy\" decoding=\"async\" class=\"pic wp-image-192\"  data-valign=\"middle\" data-halign=\"center\" alt=\"\" data-full=\"https:\/\/art.christelleottaviano.fr\/wp-content\/uploads\/series\/peuple\/terre-feconde-original.jpg\" title=\"Terre-Feconde\" crop=\"\" width=\"300\" height=\"298\" src=\"https:\/\/art.christelleottaviano.fr\/wp-content\/uploads\/series\/peuple\/terre-feconde-300x298.jpg\" data-src=\"https:\/\/art.christelleottaviano.fr\/wp-content\/uploads\/series\/peuple\/terre-feconde-300x298.jpg\" data-caption=\"&lt;strong&gt;Terre f\u00e9conde&lt;\/strong&gt;&lt;br&gt;\r\nTechnique \u00e0 l&#039;huile&lt;br&gt;\r\n40x40 cm  \" srcset=\"https:\/\/art.christelleottaviano.fr\/wp-content\/uploads\/series\/peuple\/terre-feconde.jpg 725w, https:\/\/art.christelleottaviano.fr\/wp-content\/uploads\/series\/peuple\/terre-feconde-300x298.jpg 300w, https:\/\/art.christelleottaviano.fr\/wp-content\/uploads\/series\/peuple\/terre-feconde-1024x1016.jpg 1024w, https:\/\/art.christelleottaviano.fr\/wp-content\/uploads\/series\/peuple\/terre-feconde-150x150.jpg 150w, https:\/\/art.christelleottaviano.fr\/wp-content\/uploads\/series\/peuple\/terre-feconde-768x762.jpg 768w, https:\/\/art.christelleottaviano.fr\/wp-content\/uploads\/series\/peuple\/terre-feconde-1536x1525.jpg 1536w\" sizes=\"auto, (max-width: 300px) 100vw, 300px\" \/>\n\t\t<div class=\"figc\">\n\t\t\t<div class=\"figc-inner\">\n\t\t\t\t\t\t\t\t\t\t\t\t\t\t\t<\/div>\n\t\t<\/div>\n\n\t<\/div>\n\n<\/div><div class=\"modula-item effect-pufrobo\" data-width=\"2\" data-height=\"2\" >\n\t<div class=\"modula-item-overlay\"><\/div>\n\n\t<div class=\"modula-item-content\">\n\n\t\t<a data-image-id=\"194\" role=\"button\" tabindex=\"0\" rel=\"jtg-138\" data-caption=\"&lt;strong&gt;L&#039;esp\u00e9rance&lt;\/strong&gt;&lt;br&gt;\r\nTechnique \u00e0 l&#039;huile&lt;br&gt;\r\n40x40 cm  \" aria-label=\"Open image in lightbox\" class=\"tile-inner modula-item-link\"><\/a><img loading=\"lazy\" decoding=\"async\" class=\"pic wp-image-194\"  data-valign=\"middle\" data-halign=\"center\" alt=\"\" data-full=\"https:\/\/art.christelleottaviano.fr\/wp-content\/uploads\/series\/peuple\/lesperance-original.jpg\" title=\"LEsperance\" crop=\"\" width=\"297\" height=\"300\" src=\"https:\/\/art.christelleottaviano.fr\/wp-content\/uploads\/series\/peuple\/lesperance-297x300.jpg\" data-src=\"https:\/\/art.christelleottaviano.fr\/wp-content\/uploads\/series\/peuple\/lesperance-297x300.jpg\" data-caption=\"&lt;strong&gt;L&#039;esp\u00e9rance&lt;\/strong&gt;&lt;br&gt;\r\nTechnique \u00e0 l&#039;huile&lt;br&gt;\r\n40x40 cm  \" srcset=\"https:\/\/art.christelleottaviano.fr\/wp-content\/uploads\/series\/peuple\/lesperance.jpg 713w, https:\/\/art.christelleottaviano.fr\/wp-content\/uploads\/series\/peuple\/lesperance-297x300.jpg 297w, https:\/\/art.christelleottaviano.fr\/wp-content\/uploads\/series\/peuple\/lesperance-1015x1024.jpg 1015w, https:\/\/art.christelleottaviano.fr\/wp-content\/uploads\/series\/peuple\/lesperance-768x775.jpg 768w\" sizes=\"auto, (max-width: 297px) 100vw, 297px\" \/>\n\t\t<div class=\"figc\">\n\t\t\t<div class=\"figc-inner\">\n\t\t\t\t\t\t\t\t\t\t\t\t\t\t\t<\/div>\n\t\t<\/div>\n\n\t<\/div>\n\n<\/div><div class=\"modula-item effect-pufrobo\" data-width=\"2\" data-height=\"2\" >\n\t<div class=\"modula-item-overlay\"><\/div>\n\n\t<div class=\"modula-item-content\">\n\n\t\t<a data-image-id=\"195\" role=\"button\" tabindex=\"0\" rel=\"jtg-138\" data-caption=\"&lt;strong&gt;La vie&lt;\/strong&gt;&lt;br&gt;\nTechnique \u00e0 l&#039;huile&lt;br&gt;\n40x40 cm  \" aria-label=\"Open image in lightbox\" class=\"tile-inner modula-item-link\"><\/a><img loading=\"lazy\" decoding=\"async\" class=\"pic wp-image-195\"  data-valign=\"middle\" data-halign=\"center\" alt=\"\" data-full=\"https:\/\/art.christelleottaviano.fr\/wp-content\/uploads\/series\/peuple\/la-vie-original.jpg\" title=\"La-Vie-\" crop=\"\" width=\"293\" height=\"300\" src=\"https:\/\/art.christelleottaviano.fr\/wp-content\/uploads\/series\/peuple\/la-vie-293x300.jpg\" data-src=\"https:\/\/art.christelleottaviano.fr\/wp-content\/uploads\/series\/peuple\/la-vie-293x300.jpg\" data-caption=\"&lt;strong&gt;La vie&lt;\/strong&gt;&lt;br&gt;\nTechnique \u00e0 l&#039;huile&lt;br&gt;\n40x40 cm  \" srcset=\"https:\/\/art.christelleottaviano.fr\/wp-content\/uploads\/series\/peuple\/la-vie.jpg 704w, https:\/\/art.christelleottaviano.fr\/wp-content\/uploads\/series\/peuple\/la-vie-293x300.jpg 293w, https:\/\/art.christelleottaviano.fr\/wp-content\/uploads\/series\/peuple\/la-vie-1001x1024.jpg 1001w, https:\/\/art.christelleottaviano.fr\/wp-content\/uploads\/series\/peuple\/la-vie-768x786.jpg 768w\" sizes=\"auto, (max-width: 293px) 100vw, 293px\" \/>\n\t\t<div class=\"figc\">\n\t\t\t<div class=\"figc-inner\">\n\t\t\t\t\t\t\t\t\t\t\t\t\t\t\t<\/div>\n\t\t<\/div>\n\n\t<\/div>\n\n<\/div>\t\t\n\t<\/div>\n\n\t\n\t\n\t<script type=\"application\/ld+json\">\n\t{\n\t\t\"@context\": \"http:\/\/schema.org\",\n\t\t\"@type\"   : \"ImageGallery\",\n\t\t\"id\"      : \"https:\/\/art.christelleottaviano.fr\/index.php\/peintures\/peuples\/\",\n\t\t\"url\"     : \"https:\/\/art.christelleottaviano.fr\/index.php\/peintures\/peuples\/\"\n\t}\n\n\t<\/script>\n\n\t\n<\/div>\n\n\n\n<p><\/p>\n\n\n\n<p><strong>Mon art est le reflet de l&rsquo;\u00eatre. Mon but ultime est d&rsquo;\u00eatre dans le l\u00e2cher prise<\/strong> :<\/p>\n\n\n\n<p>Le regard nous m\u00e8ne l\u00e0 o\u00f9 chacun peut aller sur son chemin de vie.<br>Le travail de la peinture \u00e0 l&rsquo;huile est \u00e9vident pour laisser appara\u00eetre la transparence et la lumi\u00e8re de chaque \u00eatre.<br>J&rsquo;aime peindre les visages, les Hommes, leurs attitudes, leurs expressions les plus profondes.<br>C&rsquo;est une fa\u00e7on de d\u00e9couvrir et de partager leurs vies, leurs cultures et leurs traditions.<br>Donner une \u00e2me par le regard, la vie rena\u00eet, elle reprend son cours. <\/p>\n\n\n\n<p>La beaut\u00e9 du tableau n&rsquo;est pas l&rsquo;ultime but, mais ce qu&rsquo;il g\u00e9n\u00e8re est bien plus essentiel, ce qu&rsquo;il bouge, \u00e9veille ou r\u00e9veille en nous.<\/p>\n","protected":false},"excerpt":{"rendered":"<p>Mon art est le reflet de l&rsquo;\u00eatre. Mon but ultime est d&rsquo;\u00eatre dans le l\u00e2cher prise : Le regard nous m\u00e8ne l\u00e0 o\u00f9 chacun peut aller sur son chemin de vie.Le travail de la peinture \u00e0 l&rsquo;huile est \u00e9vident pour laisser appara\u00eetre la transparence et la lumi\u00e8re de chaque \u00eatre.J&rsquo;aime peindre les visages, les Hommes, leurs attitudes, leurs expressions les plus profondes.C&rsquo;est une fa\u00e7on de d\u00e9couvrir et de partager leurs vies, leurs cultures et leurs traditions.Donner une \u00e2me par le regard, la vie rena\u00eet, elle reprend son cours. La beaut\u00e9 du tableau n&rsquo;est pas l&rsquo;ultime but, mais ce qu&rsquo;il g\u00e9n\u00e8re est bien plus essentiel, ce qu&rsquo;il bouge, \u00e9veille ou r\u00e9veille en nous.<\/p>\n","protected":false},"author":1,"featured_media":195,"parent":318,"menu_order":0,"comment_status":"closed","ping_status":"closed","template":"","meta":{"_glsr_average":0,"_glsr_ranking":0,"_glsr_reviews":0,"footnotes":""},"class_list":["post-329","page","type-page","status-publish","has-post-thumbnail","hentry"],"_links":{"self":[{"href":"https:\/\/art.christelleottaviano.fr\/index.php\/wp-json\/wp\/v2\/pages\/329","targetHints":{"allow":["GET"]}}],"collection":[{"href":"https:\/\/art.christelleottaviano.fr\/index.php\/wp-json\/wp\/v2\/pages"}],"about":[{"href":"https:\/\/art.christelleottaviano.fr\/index.php\/wp-json\/wp\/v2\/types\/page"}],"author":[{"embeddable":true,"href":"https:\/\/art.christelleottaviano.fr\/index.php\/wp-json\/wp\/v2\/users\/1"}],"replies":[{"embeddable":true,"href":"https:\/\/art.christelleottaviano.fr\/index.php\/wp-json\/wp\/v2\/comments?post=329"}],"version-history":[{"count":11,"href":"https:\/\/art.christelleottaviano.fr\/index.php\/wp-json\/wp\/v2\/pages\/329\/revisions"}],"predecessor-version":[{"id":1047,"href":"https:\/\/art.christelleottaviano.fr\/index.php\/wp-json\/wp\/v2\/pages\/329\/revisions\/1047"}],"up":[{"embeddable":true,"href":"https:\/\/art.christelleottaviano.fr\/index.php\/wp-json\/wp\/v2\/pages\/318"}],"wp:featuredmedia":[{"embeddable":true,"href":"https:\/\/art.christelleottaviano.fr\/index.php\/wp-json\/wp\/v2\/media\/195"}],"wp:attachment":[{"href":"https:\/\/art.christelleottaviano.fr\/index.php\/wp-json\/wp\/v2\/media?parent=329"}],"curies":[{"name":"wp","href":"https:\/\/api.w.org\/{rel}","templated":true}]}}