{"id":1355,"date":"2025-11-17T10:14:21","date_gmt":"2025-11-17T09:14:21","guid":{"rendered":"https:\/\/art.christelleottaviano.fr\/?page_id=1355"},"modified":"2026-05-14T16:49:52","modified_gmt":"2026-05-14T14:49:52","slug":"prestations-tarifs","status":"publish","type":"page","link":"https:\/\/art.christelleottaviano.fr\/index.php\/prestations-tarifs\/","title":{"rendered":"Prestations &#038; Tarifs"},"content":{"rendered":"<h2 data-start=\"233\" data-end=\"308\"><a href=\"https:\/\/art.christelleottaviano.fr\/index.php\/lecture-strategique-guidance-sur-mesure\/\">Accompagnements d\u2019Exception \u2013 Guidance d\u2019\u00c2me &amp; Connexions Subtiles<\/a><\/h2>\n<h3><strong>Une pr\u00e9sence, un souffle, un sens.<\/strong><\/h3>\n<p data-start=\"310\" data-end=\"648\">Explorez un univers o\u00f9 le visible dialogue avec l\u2019invisible, o\u00f9 l\u2019intuition devient pr\u00e9cision, et o\u00f9 chaque accompagnement est con\u00e7u comme une exp\u00e9rience int\u00e9rieure rare.<br data-start=\"480\" data-end=\"483\" \/>Mon approche allie expertise intuitive, sensibilit\u00e9 \u00e9nerg\u00e9tique et exigence professionnelle, pour vous offrir un soutien profond\u00e9ment unique et personnalis\u00e9.<\/p>\n<hr data-start=\"650\" data-end=\"653\" \/>\n<h3 data-start=\"655\" data-end=\"724\"><strong data-start=\"659\" data-end=\"722\">Contact D&rsquo;\u00e2me \u2013 Une rencontre d\u00e9licate avec l\u2019invisible<\/strong><\/h3>\n<p data-start=\"725\" data-end=\"1118\">Dans un espace s\u00e9curis\u00e9 et hautement respectueux, je vous accompagne vers une connexion subtile avec la m\u00e9moire vibratoire d\u2019un \u00eatre cher.<br data-start=\"863\" data-end=\"866\" \/>Ce moment privil\u00e9gi\u00e9 vous permet d\u2019accueillir des symboles, des ressentis et des \u00e9clairages int\u00e9rieurs qui honorent la continuit\u00e9 du lien.<br data-start=\"1004\" data-end=\"1007\" \/>Une d\u00e9marche douce, lumineuse, pens\u00e9e pour apaiser, r\u00e9conforter et apporter un sens nouveau au chemin de deuil pour mieux le traverser.<\/p>\n<p data-start=\"725\" data-end=\"1118\"><strong>Tarif : 90 euros pour 1 heure<\/strong><\/p>\n<hr data-start=\"1120\" data-end=\"1123\" \/>\n<h3 data-start=\"1125\" data-end=\"1202\"><a href=\"https:\/\/art.christelleottaviano.fr\/index.php\/lecture-strategique-guidance-sur-mesure\/\"><strong data-start=\"1129\" data-end=\"1200\">Guidance Personnelle \u2013 Excellence intuitive &amp; alignement profond<\/strong><\/a><\/h3>\n<p data-start=\"1203\" data-end=\"1622\">La guidance personnelle est une exploration pr\u00e9cise de votre dynamique d\u2019\u00e2me, de vos ressources et des voies d\u2019\u00e9volution qui s\u2019ouvrent \u00e0 vous.<br data-start=\"1345\" data-end=\"1348\" \/>\u00c0 travers une lecture intuitive structur\u00e9e et un regard holistique global, je vous aide \u00e0 clarifier vos choix, \u00e0 vous recentrer et \u00e0 avancer avec justesse.<br data-start=\"1503\" data-end=\"1506\" \/>Un accompagnement, con\u00e7u pour celles et ceux qui souhaitent un \u00e9clairage profond et transformateur.<\/p>\n<p data-start=\"1203\" data-end=\"1622\"><strong>Tarif : 90 euros pour 1 heure<\/strong><\/p>\n<hr data-start=\"1624\" data-end=\"1627\" \/>\n<h3 data-start=\"1629\" data-end=\"1698\"><a href=\"https:\/\/art.christelleottaviano.fr\/index.php\/portraits-dames\/\"><strong data-start=\"1633\" data-end=\"1696\">Portrait d\u2019\u00c2me \u2013 Cr\u00e9ation vibratoire &amp; dessin m\u00e9diumnique<\/strong><\/a><\/h3>\n<p data-start=\"1699\" data-end=\"1990\">Le Portrait d\u2019\u00c2me est une \u0153uvre exclusive r\u00e9alis\u00e9e \u00e0 partir d\u2019un <strong data-start=\"1764\" data-end=\"1792\">dessin guid\u00e9 m\u00e9diumnique<\/strong>, v\u00e9ritable repr\u00e9sentation symbolique de l\u2019essence de votre \u00e2me ou de celle d\u2019un proche d\u00e9funt.<br data-start=\"1887\" data-end=\"1890\" \/>Chaque cr\u00e9ation est unique, intuitive, et porte l\u2019empreinte \u00e9nerg\u00e9tique profonde de l\u2019\u00eatre concern\u00e9.<\/p>\n<p data-start=\"1992\" data-end=\"2210\">Cette exp\u00e9rience offre :<br data-start=\"2016\" data-end=\"2019\" \/>\u2014 une lecture subtile de votre identit\u00e9 vibratoire,<br data-start=\"2070\" data-end=\"2073\" \/>\u2014 un \u00e9clairage sur vos forces int\u00e9rieures et votre \u00ab\u00a0mission d\u2019\u00e2me\u00a0\u00bb,<br data-start=\"2138\" data-end=\"2141\" \/>\u2014 une connexion sacr\u00e9e et raffin\u00e9e avec votre dimension la plus pure.<\/p>\n<p data-start=\"2212\" data-end=\"2371\">Le Portrait d\u2019\u00c2me devient ainsi un objet pr\u00e9cieux : un support d\u2019\u00e9volution, un miroir spirituel et une pr\u00e9sence bienveillante qui vous accompagne au quotidien.<\/p>\n<p data-start=\"2212\" data-end=\"2371\"><strong>Tarif : 150 euros pour 1 heure, avec un portrait<\/strong><\/p>\n<p data-start=\"2212\" data-end=\"2371\"><a href=\"https:\/\/instagram.com\/medium.artiste.bordeaux\" target=\"_blank\" rel=\"noopener\"><strong>Page I<\/strong><strong>nstagram :<\/strong><\/a> De la spiritualit\u00e9 dans l&rsquo;art<\/p>\n<p data-start=\"2212\" data-end=\"2371\"><strong><a href=\"https:\/\/facebook.com\/art.christelleottaviano\" target=\"_blank\" rel=\"noopener\">Page Facebook : <\/a><\/strong>Art Voyages Spiritualit\u00e9<\/p>\n\n<div class=\"wp-block-image\">\n<figure class=\"aligncenter size-full\"><img loading=\"lazy\" decoding=\"async\" width=\"405\" height=\"720\" src=\"https:\/\/art.christelleottaviano.fr\/wp-content\/uploads\/2025\/11\/presentation-medium-portrait-ame.webp\" alt=\"\" class=\"wp-image-1361\" srcset=\"https:\/\/art.christelleottaviano.fr\/wp-content\/uploads\/2025\/11\/presentation-medium-portrait-ame.webp 405w, https:\/\/art.christelleottaviano.fr\/wp-content\/uploads\/2025\/11\/presentation-medium-portrait-ame-169x300.webp 169w\" sizes=\"auto, (max-width: 405px) 100vw, 405px\" \/><\/figure>\n<\/div>","protected":false},"excerpt":{"rendered":"<p>Accompagnements d\u2019Exception \u2013 Guidance d\u2019\u00c2me &amp; Connexions Subtiles Une pr\u00e9sence, un souffle, un sens. Explorez un univers o\u00f9 le visible dialogue avec l\u2019invisible, o\u00f9 l\u2019intuition devient pr\u00e9cision, et o\u00f9 chaque accompagnement est con\u00e7u comme une exp\u00e9rience int\u00e9rieure rare.Mon approche allie expertise intuitive, sensibilit\u00e9 \u00e9nerg\u00e9tique et exigence professionnelle, pour vous offrir un soutien profond\u00e9ment unique et personnalis\u00e9. Contact D&rsquo;\u00e2me \u2013 Une rencontre d\u00e9licate avec l\u2019invisible Dans un espace s\u00e9curis\u00e9 et hautement respectueux, je vous accompagne vers une connexion subtile avec la m\u00e9moire vibratoire d\u2019un \u00eatre cher.Ce moment privil\u00e9gi\u00e9 vous permet d\u2019accueillir des symboles, des ressentis et des \u00e9clairages int\u00e9rieurs qui honorent la continuit\u00e9 du lien.Une d\u00e9marche douce, lumineuse, pens\u00e9e pour apaiser, r\u00e9conforter et apporter un sens nouveau au chemin de deuil pour mieux le traverser. Tarif : 90 euros pour 1 heure Guidance Personnelle \u2013 Excellence intuitive &amp; alignement profond La guidance personnelle est une exploration pr\u00e9cise de votre dynamique d\u2019\u00e2me, de vos ressources et des voies d\u2019\u00e9volution qui s\u2019ouvrent \u00e0 vous.\u00c0 travers une lecture intuitive structur\u00e9e et un regard holistique global, je vous aide \u00e0 clarifier vos choix, \u00e0 vous recentrer et \u00e0 avancer avec justesse.Un accompagnement, con\u00e7u pour celles et ceux qui souhaitent un \u00e9clairage profond et transformateur. Tarif : 90 euros pour 1 heure Portrait d\u2019\u00c2me \u2013 Cr\u00e9ation vibratoire &amp; dessin m\u00e9diumnique Le Portrait d\u2019\u00c2me est une \u0153uvre exclusive r\u00e9alis\u00e9e \u00e0 partir d\u2019un dessin guid\u00e9 m\u00e9diumnique, v\u00e9ritable repr\u00e9sentation symbolique de l\u2019essence de votre \u00e2me ou de celle d\u2019un proche d\u00e9funt.Chaque cr\u00e9ation est unique, intuitive, et porte l\u2019empreinte \u00e9nerg\u00e9tique profonde de l\u2019\u00eatre concern\u00e9. Cette exp\u00e9rience offre :\u2014 une lecture subtile de votre identit\u00e9 vibratoire,\u2014 un \u00e9clairage sur vos forces int\u00e9rieures et votre \u00ab\u00a0mission d\u2019\u00e2me\u00a0\u00bb,\u2014 une connexion sacr\u00e9e et raffin\u00e9e avec votre dimension la plus pure. Le Portrait d\u2019\u00c2me devient ainsi un objet pr\u00e9cieux : un support d\u2019\u00e9volution, un miroir spirituel et une pr\u00e9sence bienveillante qui vous accompagne au quotidien. Tarif : 150 euros pour 1 heure, avec un portrait Page Instagram : De la spiritualit\u00e9 dans l&rsquo;art Page Facebook : Art Voyages Spiritualit\u00e9<\/p>\n","protected":false},"author":1,"featured_media":0,"parent":0,"menu_order":0,"comment_status":"closed","ping_status":"closed","template":"","meta":{"_glsr_average":0,"_glsr_ranking":0,"_glsr_reviews":0,"footnotes":""},"class_list":["post-1355","page","type-page","status-publish","hentry"],"_links":{"self":[{"href":"https:\/\/art.christelleottaviano.fr\/index.php\/wp-json\/wp\/v2\/pages\/1355","targetHints":{"allow":["GET"]}}],"collection":[{"href":"https:\/\/art.christelleottaviano.fr\/index.php\/wp-json\/wp\/v2\/pages"}],"about":[{"href":"https:\/\/art.christelleottaviano.fr\/index.php\/wp-json\/wp\/v2\/types\/page"}],"author":[{"embeddable":true,"href":"https:\/\/art.christelleottaviano.fr\/index.php\/wp-json\/wp\/v2\/users\/1"}],"replies":[{"embeddable":true,"href":"https:\/\/art.christelleottaviano.fr\/index.php\/wp-json\/wp\/v2\/comments?post=1355"}],"version-history":[{"count":28,"href":"https:\/\/art.christelleottaviano.fr\/index.php\/wp-json\/wp\/v2\/pages\/1355\/revisions"}],"predecessor-version":[{"id":1536,"href":"https:\/\/art.christelleottaviano.fr\/index.php\/wp-json\/wp\/v2\/pages\/1355\/revisions\/1536"}],"wp:attachment":[{"href":"https:\/\/art.christelleottaviano.fr\/index.php\/wp-json\/wp\/v2\/media?parent=1355"}],"curies":[{"name":"wp","href":"https:\/\/api.w.org\/{rel}","templated":true}]}}